it of l?
1
Suppose 0 = -4*v + p + 6551, 10*v - 6*v + 2*p - 6542 = 0. What is the thousands digit of v?
1
What is the hundreds digit of 114/1026 + 38663/9?
2
Suppose 145294 = 3*d + 4*r, 118*d + 339091 = 125*d - 5*r. What is the hundreds digit of d?
4
Let g = -256 - -769. Suppose 7*w - 2*w + 2*m - 820 = 0, 3*w = 3*m + g. Suppose -16*z + 14*z = -w. What is the units digit of z?
3
Suppose -3*c + 2*t + 5 = -0*c, -4*t = 4*c - 40. Suppose k + 3*k = -c*d + 47, 57 = 5*d - k. Suppose 0 = -4*w - d*w + 825. What is the tens digit of w?
5
Let i(n) = 205*n**2 - 76*n - 1494. What is the ten thousands digit of i(-20)?
8
Let x = -17270 - -25058. What is the thousands digit of x?
7
Let o(q) = 19*q + 2. Let l be o(1). Let c(v) = v**3 - 19*v**2 - 17*v - 72. What is the tens digit of c(l)?
5
What is the hundreds digit of 18380/14 - ((-944)/(-56) - 17)?
3
What is the hundreds digit of (-231454)/(-38) - (-2)/19?
0
Let o = 22613 - 12625. What is the hundreds digit of o?
9
Suppose 9 + 6 = 3*w. Let b(l) = l - 2. Let m be b(w). Suppose -166 = -m*f + f. What is the tens digit of f?
8
Suppose 165 = -2*g + 6989. Let f be g/6 - 18/27. Suppose -18*d = -f - 3212. What is the units digit of d?
0
Let l(a) be the second derivative of 104*a**3/3 + 6*a**2 - 175*a. What is the tens digit of l(3)?
3
Let c = 15604 + 471. What is the tens digit of c?
7
Suppose 9 = 3*l + a, 3*a = -0*l - 3*l + 3. Suppose -58*y = -47*y - 33. Suppose 0*d = -2*d, l*n - 844 = -y*d. What is the units digit of n?
1
Suppose 0 = -413*i + 414*i - 6. Suppose 0 = 4*h - 4, 4*c - 3*h - 849 = -0*c. What is the hundreds digit of (-2*3)/(-1)*c/i?
2
What is the tens digit of ((-516)/24 - -4)*5/(25/(-2828))?
9
Let b(m) = 39*m**2 - 116*m - 162. What is the tens digit of b(-32)?
8
Let a(o) be the third derivative of 7*o**5/30 + 5*o**4/24 - 35*o**3/3 + 21*o**2 - 2*o. What is the tens digit of a(8)?
6
Let y = 37 + -35. Let t(b) = -2*b + b**2 - 10 - 5*b - 2*b**y - b. What is the units digit of t(-5)?
5
Let d be -9*(19/57)/((-4)/(-8)). Let t(s) = 325*s + 806. Let z(f) = -21*f - 52. Let w(r) = 5*t(r) + 78*z(r). What is the tens digit of w(d)?
5
Let x(w) = w**3 - 8*w**2 - 14*w + 14. Suppose -50 = -5*q + z, -2*q + z = -4*z - 20. Let h be x(q). Let f = 10 + h. What is the tens digit of f?
8
Suppose -4804 = -12*c + 38281 - 9089. What is the tens digit of c?
3
Suppose -3951 + 13899 = 3*q. What is the units digit of q?
6
Let t(g) = g**3 + 11*g**2 + 10*g + 36. Suppose 8*v = -2*v - 110. Let q be t(v). Let r = q - -83. What is the units digit of r?
9
Suppose 0 = -x + 4*x - 3*a - 6, -3*x = -a. What is the units digit of (1 - x) + 1/((-2)/(-2))?
3
Let t(f) be the second derivative of 263*f**5/20 + f**4/4 - 5*f**3/6 + 3*f**2/2 - 57*f. What is the tens digit of t(1)?
6
Let u = 51817 - 19766. What is the tens digit of u?
5
Let x = -237 - -209. What is the units digit of ((-44)/(-7))/((-260)/x - 9)?
2
Let p(c) = c**2 + 4*c - 3. Let l be p(3). What is the units digit of 15440/l + (-6)/(-27)?
8
Let j(t) = t**2 + 9*t - 28. Let z be j(-13). Let f = 66 - z. Suppose -2*c - 2*k + f = 0, -2*c - k + 7 + 31 = 0. What is the units digit of c?
7
Let v(u) = 124*u**2 + 137*u - 144*u + 15*u**2. What is the hundreds digit of v(2)?
5
Let x = 117 - -6148. What is the tens digit of x?
6
Let v = -106 - -106. Suppose 5*m + 0*c - 4*c - 158 = v, -4*m - 4*c + 112 = 0. What is the hundreds digit of (-102)/m + 3 - 1034/(-10)?
1
Let v be 7*((-50)/(-63) + (-4)/18). Suppose v*q - 297 = 5*t, -5*t - 175 = -2*t - 4*q. Let l = 169 + t. What is the units digit of l?
8
Let x(i) = -703*i**2 + 14*i - 15. Let j be x(1). What is the hundreds digit of 55/22*j/(-5)?
3
What is the hundreds digit of (-28)/(-24) - ((-36609)/18 + 0)?
0
Let l = 397 + -5. Suppose 8*f = 256 + l. What is the tens digit of f?
8
Let t = 2882 - 1290. What is the units digit of 2/6 + (t/(-12))/(-1)?
3
Let p = 770 - 521. Suppose -4*c - 3*k + 1164 = 0, 2*c + k - p = 331. What is the units digit of c?
8
Let j = 84 - -54. Suppose -w + j = 36. What is the units digit of w?
2
Let c be -1*(0 + 1) + 13. Let x be 6*(3 - (-466)/c). Suppose 0 = 6*w - 217 - x. What is the tens digit of w?
7
Suppose v + 6517 = -5*o - v, -3*o = v + 3911. Suppose -6*u + 5*u = 3. What is the tens digit of o/(-27) + (-2)/u?
4
Suppose 11*r - 38194 = 3*o + 9*r - 139726, 0 = -2*r. What is the ten thousands digit of o?
3
Suppose 25848*c - 25858*c = -110879 - 100431. What is the thousands digit of c?
1
Suppose -5*l - 1127 = -3867. Suppose 4*p - 318 = -2*u, 4*u - 43 = p + l. What is the tens digit of u?
4
Suppose -2*r - 4*h = 12, 2*r - h = -r + 10. Suppose -r*v + 576 = -644. Suppose 2*x = l - 205, 4*l - v - 216 = 2*x. What is the hundreds digit of l?
2
Let i = -258 - -466. Let y = i - 29. Let g = -112 + y. What is the units digit of g?
7
Let s(i) = i**3 - 8*i**2 - 10*i + 3. Let v be (-2)/8 + (-4511)/52. Let b = v - -97. What is the hundreds digit of s(b)?
1
What is the hundreds digit of (488/(-610))/(16/(-10) - -2) + 1177?
1
Suppose -5*t + 2*v = -92203, 30*t - 129014 = 23*t - 5*v. What is the tens digit of t?
3
Suppose 13*h - 11*h - 3 = -r, 5*h + 5*r = 0. Suppose h*d = -0*d + 540. What is the hundreds digit of d?
1
Let n(f) = f**3 - 8*f**2 - 5*f + 13. Let w be n(8). Let u = w + -13. Let c = u - -105. What is the tens digit of c?
6
Let x(k) = -9*k + 40. Let h = -311 + 300. What is the hundreds digit of x(h)?
1
What is the hundreds digit of (-365646)/3272*(-126 - (-2 + 3 - -1))?
3
Let j = 103278 + -23422. What is the tens digit of j?
5
Let p(h) = -12*h + 54. Let q be 4/2 + 1 - 1. Suppose 0 = -q*w + 24 - 60. What is the hundreds digit of p(w)?
2
Suppose -17076 + 72786 = 45*g. Suppose 5*s - 3453 = -k, -g - 154 = -2*s + 5*k. What is the units digit of s?
1
Let m = 109 - 109. Suppose m = -2*a + 5*a - 63. What is the tens digit of (-1 - 74)*a/(-35)?
4
Suppose -8*f + 6113 = -36919. What is the tens digit of f?
7
Let l(v) = v**3 + 9*v**2 + 17. Let r be l(-7). Let c = r + -122. What is the tens digit of 4/10 - ((-1398)/30 + c)?
5
Let l be (-171)/57 - (-4 + 0 + 1). Suppose 0 = -13*w - l*w + 8476. What is the tens digit of w?
5
Suppose 12 = c + 2*z + 6, c = 2*z + 6. Suppose -4*b + 691 = -5*h, 4*b - 4*h = -c*h + 698. What is the tens digit of b?
7
Let t = -246 - -240. What is the hundreds digit of -1026*(-9 + (-48)/t)?
0
What is the units digit of ((-1522)/8 - 17)/((-1)/32)?
2
Suppose -2*c + 82 = 104. Let k be c*1*-44 + -1. Suppose -5*s - 3*j = -k, -2*s + 383 = 2*s - j. What is the units digit of s?
6
Suppose -93475*c = -93489*c + 299838. What is the ten thousands digit of c?
2
What is the thousands digit of -30*1/1*(-56118)/235?
7
Suppose b + 23*b - 24 = 0. Let l(f) = 593*f**3 - 2*f**2 + 3*f - 3. What is the units digit of l(b)?
1
Let j(f) = 3517*f**2 - 370*f + 1125. What is the hundreds digit of j(3)?
6
Suppose -2*k - 17*f + 6208 = -12*f, -2*f + 8 = 0. What is the units digit of k?
4
Let n = -30 + 36. Suppose -n*z = -2*z - 16. What is the units digit of 14*(-2 + z)*1?
8
Suppose -u + 5232 = 3*m, 3*m = 3*u - 5919 - 9729. Suppose -73*b + 58*b + u = 0. What is the hundreds digit of b?
3
Suppose 0 = -159*z + 150*z. Suppose 3*t + z = -3, -5*c = -3*t - 1043. What is the tens digit of c?
0
Let r = -15 - -20. Let c be ((-6)/r)/(3/(-250)). Suppose c + 268 = 8*j. What is the tens digit of j?
4
What is the hundreds digit of 3190 - ((0 - 4)/8)/(1/(-6))?
1
Suppose p = -4*i + 84 - 261, 0 = 5*p + i + 828. Let f = p - -362. Let b = f + -31. What is the hundreds digit of b?
1
Let j = -308 + -1287. What is the units digit of (-28)/(6/15 - (-748)/j)?
6
Let a(o) = 11*o + 55. Let b be a(5). Suppose -2*m = -2*t + b, 30 = 2*t + 2*m - 80. What is the tens digit of t?
5
Suppose j - 33097 = -5*x + 7230, 0 = 5*x + 4*j - 40318. What is the units digit of x?
6
Suppose -276*d + 240680 = -236*d. What is the thousands digit of d?
6
Let u(q) = q**3 - 10*q**2 - 24*q + 12. Suppose -3*f + 33 = 7*g - 4*g, -f = 2*g - 23. Let b be u(g). Suppose -b*l = -271 - 929. What is the tens digit of l?
0
Suppose -d = x, d = 4*d + 15. Suppose 4*b - 26 = -2*f, -3*f + x*b - 21 = -5. What is the units digit of (4 - f)/(3/57)?
9
Suppose 2*o - 628 = 4*y, 2*y - 754 + 2010 = 4*o. Suppose h + r = o, 3*h - 5*r - 720 = 254. What is the units digit of h?
8
Let g = 43 + -51. Let z be (-6)/g*(-28)/42*-2. What is the uni